mine d(-341).
96
Let b(x) = -23*x**3 + 413*x**2 + 4*x + 72. Give b(18).
-180
Let m(a) = 652*a - 77562. Determine m(119).
26
Let b(a) = -386*a**2 + 2298*a - 58. Calculate b(6).
-166
Let p(h) = 1416*h + 914744. Calculate p(-646).
8
Let c(u) = 15*u**3 + 5*u**2 + 18*u - 50. Calculate c(2).
126
Let i(j) = -j**3 + 462*j**2 - 290*j - 78825. Give i(461).
6
Let t(k) = 3405*k + 101180. Determine t(-30).
-970
Let z(l) = l**3 + 8*l**2 + 11182*l + 78216. Determine z(-7).
-9
Let v(p) = -38102*p + 7. Calculate v(0).
7
Let h(u) = -u**3 - 39*u**2 - 25*u - 220. Determine h(-39).
755
Let h(z) = -8*z**2 - 137*z + 449. Calculate h(-26).
-1397
Let v(h) = -180*h**2 - 1905*h - 1052. Give v(-10).
-2
Let b(l) = 5*l**2 - 2099*l - 642. Give b(420).
-222
Let s(n) = -272*n**3 + 1586*n**2 + 254*n + 130. Calculate s(6).
-2
Let o(c) = 3*c**3 + 38*c**2 - 281*c + 23. Give o(-18).
-103
Let a(q) = -7*q**3 + 38*q**2 + 87*q - 15. Determine a(7).
55
Let y(a) = -35*a**2 - 4584*a + 190. Calculate y(-131).
59
Let j(n) = n**3 - 624*n**2 + 97015*n + 1627. Give j(330).
-23
Let q(o) = -1173354*o - 11733536. What is q(-10)?
4
Let j(i) = i**3 + 87*i**2 - 66*i + 1992. Calculate j(-88).
56
Let n(d) = -2*d**3 + 17*d**2 + 209*d - 1511. Calculate n(7).
99
Let w(n) = -4519*n + 43917. Determine w(10).
-1273
Let d(z) = 11*z**2 - 2601*z + 778. Calculate d(236).
-402
Let z(n) = 63*n**2 + 2379*n + 18987. Give z(-8).
3987
Let k(w) = 1239*w - 75346. Calculate k(61).
233
Let d(s) = 810379*s - 5672638. What is d(7)?
15
Let m(b) = b**3 + 55*b**2 + 80*b - 1156. Determine m(-53).
222
Let f(s) = -5*s**2 + 34947*s - 488239. What is f(14)?
39
Let r(q) = 7*q**2 - 466*q - 6377. Give r(-13).
864
Let q(j) = 25*j + 1000. Give q(-80).
-1000
Let i(m) = m**3 + 286*m**2 - 536*m + 11261. Give i(-288).
-259
Let a(y) = 5*y**2 + 679*y + 1330. Calculate a(-2).
-8
Let l(j) = -8*j**3 + 128*j**2 - 972*j + 15619. Calculate l(16).
67
Let s(j) = -6*j**2 - 151*j - 110. Calculate s(-23).
189
Let j(u) = u**2 - 217*u - 5242. Give j(239).
16
Let l(j) = -1622*j - 13104. Give l(-9).
1494
Let f(y) = -540731*y - 6488752. Give f(-12).
20
Let g(h) = 2*h**3 - 172*h**2 + 733*h - 235. What is g(4)?
73
Let w(y) = 257*y**3 - 27*y**2 - 27*y + 2. Give w(-1).
-255
Let n(m) = -263*m + 37740. Give n(147).
-921
Let h(q) = 1727*q - 5192. Give h(3).
-11
Let y(s) = 3*s**2 + 41628*s + 955858. Give y(-23).
1
Let h(o) = -19*o - 937. Calculate h(-35).
-272
Let w(v) = 4*v**3 - 958*v**2 - 1457*v + 2650. Determine w(241).
-1
Let l(c) = -c**3 - 806*c**2 + 30292*c + 665. Give l(36).
-55
Let f(t) = -16*t**2 - 11118*t - 118968. Determine f(-684).
48
Let x(u) = -410*u**2 + 2926*u - 397. Give x(7).
-5
Let d(y) = -y**3 + 23*y**2 - 275*y + 4893. Give d(20).
593
Let d(n) = 95014*n - 3800566. Give d(40).
-6
Let b(d) = -d**3 + 5*d**2 + 740*d - 3685. Calculate b(5).
15
Let q(g) = -2130*g + 17288. Determine q(10).
-4012
Let o(a) = -83*a**2 + 5885*a + 596. Calculate o(71).
28
Let l(s) = -10*s**3 + 628*s**2 + 2522*s + 19. Calculate l(-4).
619
Let b(m) = 10227*m + 40477. Give b(-4).
-431
Let y(f) = 1499*f + 13590. What is y(-9)?
99
Let y(z) = 2*z**3 - 28*z**2 - 222*z + 3168. Give y(12).
-72
Let l(d) = 278364*d - 1391882. What is l(5)?
-62
Let m(y) = 6312*y - 39012. Determine m(7).
5172
Let n(h) = -330*h - 40896. Calculate n(-123).
-306
Let p(b) = -582*b**2 + 11820*b + 8441. Determine p(21).
-1
Let s(u) = 198163*u + 396140. What is s(-2)?
-186
Let r(l) = -4*l**2 - 1001*l + 18194. Determine r(17).
21
Let h(x) = -3*x**3 + 230*x**2 - 1718*x + 551. Give h(8).
-9
Let h(j) = -j**3 + 31*j**2 - 6*j + 1386. Give h(34).
-2286
Let h(n) = -36*n**2 - 51684*n + 68982. Calculate h(-1437).
6
Let f(r) = -23*r**3 + 91*r**2 - 99*r + 412. Determine f(4).
0
Let f(s) = s**2 + 302371*s + 2721255. Give f(-9).
-3
Let z(n) = -2*n**3 - 12*n**2 - 221*n - 1282. Give z(-6).
44
Let t(g) = -3570*g + 114149. Calculate t(32).
-91
Let s(v) = 7*v**3 - 111*v**2 - 239*v + 3567. Determine s(16).
-1
Let s(o) = 2*o**2 + 432*o - 5953. Give s(-229).
1
Let u(a) = -8*a**2 - 114*a - 605. Give u(-21).
-1739
Let y(l) = -6*l**2 - 1438*l - 965. Give y(-239).
-9
Let t(q) = -q**2 + 40*q + 980. Calculate t(59).
-141
Let p(w) = -3*w**3 + 440*w**2 - 10248*w + 107. What is p(29)?
-212
Let g(c) = 300*c - 26971. What is g(90)?
29
Let q(l) = 2911*l + 590935. Determine q(-203).
2
Let d(c) = 230*c**2 - 5389*c - 3140. Give d(24).
4
Let n(y) = -y**3 - 46*y**2 - 183*y - 10734. Give n(-47).
76
Let t(u) = -u**2 + 35*u + 43580. Determine t(-192).
-4
Let q(n) = -7*n**2 - 55*n - 95. Determine q(-15).
-845
Let i(u) = 296*u + 1988. Calculate i(-7).
-84
Let m(x) = 197*x - 22304. Calculate m(114).
154
Let k(t) = -10923*t + 3517218. What is k(322)?
12
Let k(y) = 7753*y + 1852978. What is k(-239)?
11
Let a(k) = -2*k**3 + 190*k**2 + 589*k - 119. Determine a(98).
-21
Let r(t) = t**3 + 219*t**2 - 840*t - 38634. Determine r(-222).
-6
Let m(g) = 378*g**2 - 12455*g - 634. Determine m(33).
-7
Let j(q) = 5*q**2 - 303*q + 5582. Give j(21).
1424
Let o(i) = 753*i - 1604. Calculate o(3).
655
Let d(b) = 97*b**2 - 13206*b + 476. Give d(136).
-1428
Let r(y) = -y**2 - 46690*y + 513731. What is r(11)?
20
Let v(k) = k**2 - 180*k - 110917. Give v(-255).
8
Let b(w) = 323*w + 7947. Give b(-25).
-128
Let j(r) = r**3 - 651*r**2 - 706*r + 35200. What is j(652)?
-8
Let b(s) = 9917*s - 832926. Give b(84).
102
Let v(q) = 838131*q - 37715889. Give v(45).
6
Let x(b) = b**2 - 211*b - 10860. Calculate x(-43).
62
Let b(w) = -52*w**2 - 523*w + 50. Give b(-6).
1316
Let t(d) = 17*d**2 - 14893*d + 878. Give t(876).
2
Let p(y) = 15*y**2 - 924*y + 8387. Determine p(11).
38
Let f(t) = -12*t**3 + 725*t**2 - 298*t - 131. Determine f(60).
-11
Let f(j) = j**3 + 27*j**2 + 1686*j + 40924. Give f(-25).
24
Let a(i) = -i**2 - 125899*i + 3777866. Determine a(30).
-4
Let x(y) = -9*y**2 - 16*y - 186. Give x(3).
-315
Let k(c) = -c**2 + 70*c - 827. Give k(20).
173
Let r(o) = 45687*o + 365415. What is r(-8)?
-81
Let x(q) = 125*q - 220. Give x(-6).
-970
Let c(o) = o**3 - 105*o**2 - 297*o + 9282. What is c(107)?
401
Let d(r) = -9*r**2 - 1968*r + 129662. Determine d(53).
77
Let t(b) = -b**3 + 126*b**2 + 67*b - 8031. Calculate t(126).
411
Let j(l) = -6*l**3 + 174*l**2 + 16*l - 480. Determine j(29).
-16
Let m(w) = w**3 + 32*w**2 - 94*w + 1853. Determine m(-36).
53
Let w(a) = -3871*a + 615509. Determine w(159).
20
Let p(f) = 58*f**2 - 3*f - 10. Determine p(-2).
228
Let v(y) = -y**2 + 105706*y - 211411. Determine v(2).
-3
Let n(t) = -t**3 + 82*t**2 - 292*t - 1530. Give n(78).
30
Let x(a) = 666*a**2 - 18658*a + 259. What is x(28)?
-21
Let k(t) = -547*t + 5404. What is k(11)?
-613
Let o(c) = -c**3 - 385*c**2 - 29047*c - 307. Calculate o(-282).
-25
Let g(r) = r**3 + 64*r**2 + 507*r + 84. Calculate g(-9).
-24
Let z(h) = -825*h + 133980. Give z(162).
330
Let p(w) = -11*w**2 + 14041*w - 56159. Calculate p(4).
-171
Let z(w) = -4*w**3 - 11*w**2 + 54*w + 14. Calculate z(6).
-922
Let l(q) = -5144*q + 41199. Give l(8).
47
Let p(d) = -7*d**2 - 7331*d + 14684. Determine p(2).
-6
Let k(m) = 2*m**3 - 84*m**2 + 774*m + 137. Determine k(14).
-3
Let o(h) = -3*h**3 + 13*h**2 + 1455*h - 7222. Determine o(5).
3
Let i(r) = -18327*r - 1887663. Calculate i(-103).
18
Let h(f) = -2*f**3 + 54*f**2 - 1141*f + 33430. Give h(28).
-86
Let b(f) = -f**2 + 2600*f + 303745. What is b(-112)?
1
Let d(g) = -13*g**2 + 453*g - 3630. Determine d(22).
44
Let o(y) = 55*y**2 - 4495*y - 120517. What is o(103)?
-7
Let z(s) = 69302*s - 7900473. Calculate z(114).
-45
Let a(x) = -x**3 - 30*x**2 - 322*x - 6502. What is a(-27)?
5
Let s(g) = -7*g**2 + 1167*g - 38337. Determine s(45).
3
Let b(j) = -j**3 - 131*j**2 - 3234*j + 44. Calculate b(-98).
44
Let v(l) = -411*l + 3928. What is v(8)?
640
Let x(h) = 1933*h - 15951. Calculate x(8).
-487
Let y(n) = n**3 + 540*n**2 + 97*n + 52357. Give y(-540).
-23
Let d(f) = 32*f - 173. Determine d(28).
723
Let y(u) = -3243*u + 223767. Give y(69).
0
Let p(n) = -n**2 - 64977*n + 1104951. Determine p(17).
53
Let f(g) = -2*g**3 - 141*g**2 - 581*g - 154. Determine f(-66).
-1012
Let k(q) = -42*q**3 + 2*q**2 - 172*q + 662. What is k(4)?
-2682
Let g(x) = -6*x**2 + 23437*x - 3. Give g(0).
-3
Let n(j) = -j**3 - 599*j**2 - 1355*j - 95981. Determine n(-597).
136
Let k(y) = y**2 + 29811*y - 56. Calculate k(0).
-56
Let s(w) = -4*w**2 + 2